4/8 + 7*h**3/3 + 253*h**2. Give i(-11).
-8
Let z be (-7913)/(-1351) - ((-8)/(-14))/(-4). Let x(w) = 6*w - 28. Calculate x(z).
8
Let i(s) = -248*s**3 - 11*s**2 - 18*s - 11. Let a(t) = 229*t**3 + 11*t**2 + 18*t + 11. Let l(g) = 13*a(g) + 12*i(g). Calculate l(-9).
11
Let p(o) = -4*o**3 - 110*o**2 + 6*o + 36. Let s(a) = 3*a**3 + 76*a**2 - 4*a - 24. Let b(u) = 5*p(u) + 7*s(u). Calculate b(18).
48
Let p(g) be the third derivative of 0*g + 13/60*g**5 + 1/120*g**6 + 4/3*g**3 + 0*g**4 + 20*g**2 + 0. Calculate p(-13).
8
Let j(o) = 45*o + 101. Let w(c) = 21*c + 51. Let v(d) = 6*j(d) - 13*w(d). Calculate v(-16).
-9
Suppose -10*b = -2*b - 64. Let r(i) = 48*i**2 - 10*i + 45. Let g(u) = -17*u**2 + 4*u - 16. Let k(v) = 17*g(v) + 6*r(v). Calculate k(b).
-2
Let a(q) = 5 + 6 + 0*q - 5 - q. Suppose 44*h + 44*h = -21*h - 872. Determine a(h).
14
Let h(o) = 3*o - 93. Let j(d) = 7*d - 236. Let p(f) = -20*h(f) + 8*j(f). Calculate p(-6).
-4
Let r(q) be the third derivative of 135*q**2 + 0 + 0*q + 1/12*q**4 + 7/6*q**3. Calculate r(-7).
-7
Let d(b) = 5*b**2 + b + 1. Suppose -4*u - 36 = -7*u. Suppose 4 = -u*z + 11*z + 3*j, 5*z = -5*j. What is d(z)?
5
Let m(t) = -t**2. Let a(o) = -4*o**3 + o**2 - 2*o + 2. Let s be a(1). Let g be 1 + -3 - (-18)/((-3)/s). Suppose -6*n - g = -2*n. Give m(n).
-16
Let m(y) = -16*y**2 - 2*y - 11. Let i be 19 - (5 - (-1 + 4)). Let a(q) = -46*q**2 - 6*q - 31. Let g(l) = i*m(l) - 6*a(l). Calculate g(-2).
11
Let b(k) = -15 + 2*k**3 - 22 + 3*k + 42 - k**3 - 5*k**2. Suppose -5*i - 4*i + 18 = 0. Suppose -5*w + i*r + 20 = 3*r, -5*w + 4*r = -20. Determine b(w).
1
Suppose 6*u - 11*u = 3*g + 50, 3*u + 3*g = -30. Let s(v) = -5*v - 4. Let d(z) = -27*z - 19. Let b(i) = -2*d(i) + 11*s(i). What is b(u)?
4
Let z(c) = -20*c - 93. Let u(y) = -11*y - 48. Let t be (18/(-4) + 2)/((-5)/12). Let d(q) = t*z(q) - 11*u(q). Calculate d(21).
-9
Let h(y) = -2*y + 29. Let z(w) = 11*w - 117. Let q be -86*4/(-40) - (-6)/15. Let n(s) = q*h(s) + 2*z(s). Give n(-9).
-9
Suppose -u - 16 = u. Let f(h) = 2*h**2 + 2*h - 1. Let q(z) = -13*z**2 - 21*z - 4. Let c be 8/2 + -5 + 12/6. Let v(l) = c*q(l) + 6*f(l). What is v(u)?
-2
Let n(g) = 1848*g**2 + 80 + 1854*g**2 + 1858*g**2 + 15*g - 5559*g**2. What is n(-7)?
24
Let f(s) be the third derivative of -s**6/120 - s**5/12 - s**4/6 + s**3/2 + 98*s**2. Give f(-3).
-3
Let q(a) = a - 6. Let w(p) be the second derivative of -3*p**3/2 + 45*p**2/2 + 83*p. Let t(u) = 30*q(u) + 4*w(u). What is t(-2)?
12
Let j(x) = 5*x**2 + 7*x + 10. Let h(u) = -9*u**2 - 14*u - 19. Let s(l) = -6*h(l) - 11*j(l). Let m(d) = -148*d + 1484. Let t be m(10). Calculate s(t).
16
Let q(g) be the first derivative of 8*g**3/3 - g**2/2 - g + 1369. Calculate q(-3).
74
Let a(i) = 2*i + 2. Let r(j) = -2*j**2 - 47*j - 26. Let h be r(-23). Let b be (-90)/25 + h/(-5). What is a(b)?
-4
Let x(v) = v + 6. Suppose 43 = -c + 85. Let i be (-14)/4 + 0 + (-63)/c. Determine x(i).
1
Let g(u) = 2*u**2 - 15*u - 134. Let a = -28322 + 28335. Calculate g(a).
9
Let d(s) = -s**3 - 14*s**2 + 18*s + 55. Let l = 13875 + -13890. Calculate d(l).
10
Let u be 38/(-285)*-60 + -6. Let c(y) be the first derivative of -1/2*y**u - 12*y - 2. Calculate c(-9).
-3
Let g(b) = b - 5. Let f be (10 - -26)*25/4. Let z be ((f/(-30))/((-3)/4))/(-2). Give g(z).
-10
Let q(l) = 14*l + 4. Suppose 5*v + 20 = 2*n, -2*n - 20 = 12*v - 7*v. What is q(v)?
-52
Let j be (-1 - -83) + -6 + 6. Let w(a) = -a - 48 + 2*a - 47 + j. Calculate w(12).
-1
Let f = 6872 - 6872. Let j(l) be the third derivative of -l**6/120 + l**5/60 + l**4/24 - 5*l**3/3 - 3*l**2. Give j(f).
-10
Let l(m) = 2*m - 2. Let w(z) = -4*z + 30. Suppose -5 = -i - 3*u, 2*i - 5*u + 8 + 4 = 0. Let h be (-2)/4*112/7*i. Let p be w(h). Give l(p).
-6
Let a(j) be the third derivative of j**6/120 + 13*j**5/60 - 11*j**4/12 - 5*j**3/6 + 62*j**2 - 2*j - 2. Determine a(-15).
-125
Suppose 3*b - 2*y - 2 = 2*y, 2*y = 5*b - 8. Suppose 0 = -7*r - b*r. Let c be -1 + r/1 + (5 - 2). Let p(f) = f - 3. Calculate p(c).
-1
Let m(x) = 5*x**2 + 2*x + 1. Let l(f) = 11*f**2 + 4*f + 2. Let p(u) = -6*l(u) + 13*m(u). Let h be (-1 - -4) + (59 - 62). What is p(h)?
1
Let z(o) = -o**2 + 6. Let a be 6/(-42) + (-30)/(-14). Suppose w + 15 = -4*i, -a*i - 13 = 2*w - 1. Calculate z(i).
-3
Let i(u) = -79*u**3 + 5*u**2 - 47*u - 13. Let n(z) = -35*z**3 + 3*z**2 - 23*z - 6. Let w(j) = -4*i(j) + 9*n(j). Give w(-9).
7
Suppose -4148 = -28*y - 4232. Let r(o) be the first derivative of o**3/3 + o**2/2 - 2*o + 2. What is r(y)?
4
Let w(t) = -2 + 28626*t**2 - 28625*t**2 - 21*t + 15. Give w(20).
-7
Let l = 5 + 0. Let r(t) be the first derivative of -t**4/24 + t**3 + 2*t**2 - 2*t - 52. Let p(s) be the second derivative of r(s). Calculate p(l).
1
Suppose -293*z = -179*z + 228. Let k(p) = p**2 - p + 2. Let r be k(0). Let n(i) = 5*i**3 + 2*i + 2*i**2 + 2 - 7*i**3 - 2*i**r. Determine n(z).
14
Let i = 13 - 9. Let s(g) = -6*g + 3 + 0 + i*g. Let n be 3 - (2 - (0 + 4)). Calculate s(n).
-7
Let p(i) = 7*i**2 - 11*i - 8. Let d(t) = -4*t**2 + 6*t + 4. Let n(v) = 5*d(v) + 3*p(v). Let b be 5/(105/5131) + 8/(-6). Let s = b - 240. What is n(s)?
-4
Let y(z) = -4423*z - 129 + 197*z**2 - 194*z**2 + 4390*z. Give y(14).
-3
Let l(s) = -s**3 - 9*s**2 + 12*s + 17. Let o = 753 - 763. Determine l(o).
-3
Let w(r) = -7. Let g(f) = 15*f - 1. Let u(v) = -g(v) + w(v). Calculate u(-1).
9
Let k(d) = d**3 - 3*d**2 + 2*d - 2. Suppose r = b + 5, -57*b + 54*b = 3*r - 21. What is k(b)?
-2
Let x(c) = -5*c**2 - 8*c - 1. Let g(y) = -14*y**2 - 26*y + 2*y - 2 - 6*y + 6*y. Let p be 3/9 - 100/(-6). Let n(m) = p*x(m) - 6*g(m). What is n(5)?
10
Let o(i) = -3*i + 19. Suppose 5*u - c = 15, 1427*c = 1422*c. Calculate o(u).
10
Let r(f) = f - 3. Let a(z) = -16*z - 3. Let j be a(-1). Let s(n) = -2*n**2 + 25*n + 9. Let v be s(j). What is r(v)?
-7
Let u(k) = 8*k**2 + 2*k - 1. Let v(z) = -z**3 - 24*z**2 + 25*z + 5. Let x be v(-25). Let b(m) = 18*m**2 - 91*m + 6. Let q be b(x). Determine u(q).
9
Suppose -145 = -12*l - 17*l. Let j(g) = -12*g + 71. What is j(l)?
11
Suppose 0*y + 315 = -v - 4*y, -4*y - 985 = 3*v. Let r = -331 - v. Let i(q) = 2*q**2 - 8*q - 1. What is i(r)?
-1
Let k(y) = -1855 - 3*y**2 + 12*y**2 + y**3 + 0*y**3 - 29*y + 1862 - y**2. Calculate k(-11).
-37
Let b(t) = 3*t - 19. Suppose 2*a = 2*x + a - 34, 3*x + 5*a - 38 = 0. Suppose 4 = v + 5*d, -34 - x = -5*v + 5*d. Give b(v).
8
Suppose 4096*r - 4052*r = -308. Let a(w) = -w**2 - 6*w + 5. What is a(r)?
-2
Suppose -210 = 5*y - 5*b, 6*y - 2*y - 3*b = -167. Let t = y + 42. Let z(l) = 21*l**2 + l. Calculate z(t).
22
Let x(k) be the second derivative of k**7/420 - k**6/720 + k**5/60 + k**4/6 + k**3/3 - 54*k. Let d(f) be the third derivative of x(f). Give d(1).
7
Let r(v) = v**3 + 7*v**2 - 2. Let p be (11/(495/972))/((-1)/(-10)). Let m = 209 - p. What is r(m)?
-2
Let l be -5*9/15*-1. Suppose l*c - 3 = 3*z - 0*z, -3*z - 7 = -c. Let u(r) = -r - 8. Let n(t) = t. Let g(y) = c*n(y) - u(y). Calculate g(6).
2
Let z(g) = -g + 4. Let s be (-2)/(-25)*-5*5/(-1). Suppose -n - s*b = -68, 4*n - 6*b - 260 = -2*b. Let c = n - 61. Calculate z(c).
-1
Let y(p) be the third derivative of -p**6/120 - p**5/60 + p**4/8 - 2*p**3/3 - 2*p**2. Let n be (-3)/((-464)/(-435) - 2/30). Give y(n).
5
Let k(j) = j**2 - 26*j - 5. Let b = -11427 - -11454. Determine k(b).
22
Let q be (1/(-5))/((-12)/480). Let j(u) = -u**3 + 7*u**2 + 7*u - 12. Give j(q).
-20
Let v = -32 - -57. Suppose 1 = -3*c + v. Let p(a) = 10 + a**3 - 5*a**2 + 0*a**3 - 2*a - 3*a**2. Calculate p(c).
-6
Suppose 100*p - 48*p + 624 = 0. Let o(g) = -g**3 - 13*g**2 - 9*g + 18. Determine o(p).
-18
Let r(z) be the second derivative of z**4/12 - 2*z**3 + 21*z**2/2 - 14*z. Let y = 249 - 240. What is r(y)?
-6
Let s(h) = 5*h**2 - 12*h - 21. Let g(a) = -6*a**2 + 13*a + 24. Let v(z) = -4*g(z) - 5*s(z). Let n = 12 + 6. Let u = n - 9. Calculate v(u).
0
Suppose -37 = 4*k + z + 30, 0 = 4*z - 20. Let s = -16 - k. Let u(x) = 7*x - 8*x + 3 - 1. Determine u(s).
0
Suppose -3*m - 2*d + 4 = -4*m, -m = 3*d - 6. Suppose -25*g + 16*g + 18 = m. Let q(s) = -4*s**2 + s - 2. Calculate q(g).
-16
Let m(x) = -100 - 287 - 92 - 13*x + 7*x + 210. What is m(-46)?
7
Let k(v) = 12004 - 36028 + 3*v + 12008 + 12010. Let s(i) = -i**2 - 6*i + 6. Let o be s(-6). What is k(o)?
12
Let w(z) be the third derivative of 0*z**3 + 104*z**2 + 1/12*z**